 = 76. Let b = n - r. Is b prime?
True
Let d be 704 + 1 + -3 + 1. Let c = d + -99. Let l = c + -393. Is l a prime number?
True
Let m = 4 - 6. Let g be 2/(-2) + (-5 - m). Let i(o) = -o**2 - 6*o - 5. Is i(g) prime?
True
Let m(r) = -6*r - 9. Let t(s) = -5*s - 9. Let u(l) = 4*m(l) - 5*t(l). Is u(0) composite?
True
Let b = 174 + -244. Let o = -39 - b. Is o a prime number?
True
Let s(j) = 524*j + 2. Let h be s(1). Suppose k - 5*k + h = 2*i, -4*k - 4 = 0. Is i a prime number?
False
Let y = 191 + -132. Is y a composite number?
False
Let z(y) be the second derivative of -5/2*y**2 + 0 + 7/6*y**3 + 4*y + 1/12*y**4. Is z(5) composite?
True
Let r(b) = 9*b**2 - 2. Let y(q) = -28*q**2 + 5. Let n(h) = -17*r(h) - 6*y(h). Suppose -3 - 3 = -2*t. Is n(t) prime?
True
Suppose -4*z = -u - 10, 0 = 4*u + 2*z - 6*z + 4. Suppose -u*b = -4*b + 20. Let g = -7 + b. Is g a composite number?
False
Suppose -a = -2, 0 = f - a + 6*a - 50. Suppose -2*o - 3*s + 20 = -0*o, -5*o + f = 5*s. Suppose o = -2*k, 6*l - l + 5*k = 175. Is l a composite number?
False
Let z(f) = f + 7*f**3 + 8 - 3*f - 9 + 4*f. Let p be z(1). Let r(m) = m + 7. Is r(p) a prime number?
False
Suppose -w + 16 + 175 = -2*d, w = 3*d + 187. Is w a composite number?
False
Suppose -2*k + 1718 - 490 = 0. Is k composite?
True
Let f(q) = 5*q**2 - 2*q - 10. Let d(y) = 8*y**3 - y**2. Let w be d(1). Is f(w) prime?
False
Let a = -592 - -1590. Is a composite?
True
Is 99 - (1 - (-15)/(-3)) prime?
True
Suppose -2*p + 203 = -p. Is p prime?
False
Let m be 426/4 + (-3)/2. Suppose -u + m = 2*u. Is u prime?
False
Suppose -2*d = 0, o - 4*d = -3*o - 4. Is o/(4 + 1066/(-266)) prime?
False
Let m be (1 - -3)/((-8)/32). Let a = m - -26. Is a a prime number?
False
Suppose l = 2*l - 1. Suppose q - 4 = -l. Is (q - -50)*(0 + 1) prime?
True
Let b be (1 + 11)*1 - 2. Suppose -5*u - k - b = 0, -2 = 2*u - u - k. Let a = 17 - u. Is a prime?
True
Suppose 0*y - 5*y + 75 = 0. Is y composite?
True
Let u = 6 - 12. Is 212/6*u/(-4) a composite number?
False
Let x(n) = 20*n**3 - 2*n**2 - 2*n. Suppose -3*i + 10 = 2*i. Let z be x(i). Suppose s - z = -3*s. Is s prime?
True
Let t(j) = -2*j - 2. Let v be t(-2). Suppose c = -0*c + v. Suppose -4*p + c = -3*p, 0 = -2*q - 5*p + 32. Is q a composite number?
False
Suppose -52 = -2*w - 5*v, 3*w - 3*v - 13 = 86. Suppose 2*h = -2*l + 8, 4*l + 5*h - w + 13 = 0. Suppose 0*m + l*m - 3*u - 73 = 0, 0 = -2*u - 2. Is m prime?
False
Let d(h) = h - 8. Let t be d(8). Suppose -r = -t*r - 77. Is r a composite number?
True
Suppose 95 = 11*n - 6*n. Suppose -60 - n = -t. Is t composite?
False
Let k = -4 - -5. Let s(g) = -g**2 - 5*g**3 - g + 2*g**2 + 88*g**3. Is s(k) prime?
True
Let n(s) = 22*s**2 - 6*s + 1. Is n(15) a composite number?
False
Is 1346/4 - 2/(-4) a composite number?
False
Let o be 2/9 - 100/(-36). Suppose -438 - 357 = -3*s + t, -265 = -s + o*t. Is s prime?
False
Let s be (-30)/10 - (1 - 91). Is (0 - s/6)*-10 a composite number?
True
Is -1 - (-1)/3 - (-37597)/123 prime?
False
Let v(h) be the first derivative of -h**5/10 - h**4/6 - h**3/2 - h**2/2 + 2*h - 1. Let d(o) be the first derivative of v(o). Is d(-2) composite?
False
Suppose -3*p = 2*l + 3, p + 3 = -3*l - 4*p. Let z(o) = -18*o + 7. Is z(l) a prime number?
False
Let k be ((-3)/(-6))/((-1)/6). Is (-1)/(-3) - 536/k prime?
True
Let z(c) = c. Let d be z(6). Let f = 21 - d. Is f a composite number?
True
Let k(f) = f - 2. Let w be k(2). Let c be w + 1/(-1) - 154. Let q = c + 270. Is q prime?
False
Let j = -250 - -1085. Is j a prime number?
False
Suppose -3*g + 2239 = 4*t, g - 83 = -3*t + 665. Is g a prime number?
False
Let j(o) = -o**2 - 6*o - 4. Let y = 3 - 7. Let h be j(y). Is 1/h + 135/4 a composite number?
True
Suppose 0 = 6*v - 40 - 146. Is v composite?
False
Suppose 2*v - 4*v = -326. Is v composite?
False
Let j be 4/10 - 108/20. Let k(n) = -n**3 - 4*n**2 - n + 3. Is k(j) a composite number?
True
Let l(a) = 112*a + 1. Let z be l(-1). Is (z/(-12))/((-1)/(-4)) prime?
True
Let s be 1/(-2) + (-12)/(-8). Let h(i) = 212*i**2 - 1. Is h(s) prime?
True
Suppose -3*k + f = 1036, -4*k = -3*f + 1238 + 135. Let n = -184 - k. Is n a composite number?
False
Let i be 508/(-14) + (-10)/(-35). Let k = i - -78. Suppose 0 = 4*n + 4*x - 212, 2*x - k = 2*n - 132. Is n a composite number?
True
Let k(q) = q**3 + q**2 - q - 1. Let d(f) = -2*f**3 - 8*f**2 + 2*f - 3. Let r(y) = d(y) + 3*k(y). Let v(l) = l + 3. Let m be v(4). Is r(m) a prime number?
False
Suppose -5*w + 1 - 11 = 0. Is -1*w*(-231)/(-6) a composite number?
True
Suppose 11*a = 12*a - 322. Let q = a - 211. Is q a prime number?
False
Let r be 36/(-8)*2/(-3). Let o(n) = -4*n**2 - n**3 - r*n - 4*n**2 + 6*n**2. Is o(-2) prime?
False
Let w be 3 + -1 - 257*-1. Suppose -w = 5*a + 56. Is (-4)/(12/a)*1 prime?
False
Let w(d) = 0*d + 124 + 2*d + 97 - d. Let n be w(0). Suppose 4*a + 2*v = -v + n, -5*a + 280 = 3*v. Is a a composite number?
False
Let j(a) = 48*a + 1. Is j(7) a prime number?
True
Let x = -1 - -5. Suppose x*h - 316 - 136 = 0. Is h composite?
False
Let s(k) = -2*k**3 + k**2 + 5*k - 5. Let g be s(-5). Suppose 0 = -6*l + l + g. Is l prime?
False
Suppose -3885 = -11*b + 6*b. Suppose -4*n = 133 - b. Is n a prime number?
False
Let x be (13 + -1)*(-131)/2. Let n = 1111 + x. Suppose 0*z + n = 5*z. Is z composite?
True
Suppose -434 = -5*d + r - 4*r, -3*d + 258 = r. Is d composite?
True
Is -3 - (-70)/22 - (-112245)/55 a prime number?
False
Suppose -2*n - 5*j = -3*n - 1096, 0 = 3*j + 6. Is 3/6*(0 - n) composite?
True
Suppose -4*u + 629 = 73. Is u a prime number?
True
Let m be (-49)/(-7) + -3 + 1. Suppose -z - 142 = -2*l - 5*z, -m*z - 57 = -l. Is l prime?
True
Suppose -2*n + 1 = -31. Let m = 39 + -16. Let l = m - n. Is l composite?
False
Suppose 0 = -3*r + 3*f + 336, -4*f = -2*r + r + 103. Let o(g) = g + 8. Let c be o(-8). Suppose -r = -c*d - 5*d. Is d composite?
False
Let r(z) be the second derivative of z**4/12 - z**3/6 + 127*z**2/2 + 2*z. Is r(0) composite?
False
Let f be 2/(-6) + 1450/3. Suppose -3*y + 270 = -f. Is y a prime number?
True
Suppose -5*n + 31 = -59. Suppose -o + 13 = -n. Is o prime?
True
Let g(u) = -u**3 - 10*u**2 - 20 - 21 - 2*u + 36. Let k be -2 + 3 - (-11)/(-1). Is g(k) prime?
False
Let j(i) = -i. Let w(x) = -x + 4. Let b(k) = -2*j(k) + w(k). Is b(6) a prime number?
False
Let m = -3506 - -7617. Is m prime?
True
Suppose 4*o - 9*o = -3065. Let y = o + -278. Is y prime?
False
Is (6*(-2)/4)/(15/(-1195)) a composite number?
False
Let h be 15/5*1/1. Is (147 - -2)*(2 + h) a composite number?
True
Let c = 3 - 0. Is -1*c - 16*-6 composite?
True
Let k(x) be the third derivative of -x**6/120 + x**5/60 + x**4/8 + x**3/6 - 9*x**2. Let m = -1 + -3. Is k(m) composite?
True
Let h(m) = -m**2 + 9*m + 12. Let p be h(10). Suppose p = -4*b + 18. Suppose 9 - 31 = -2*y - n, -4*y = -b*n - 32. Is y prime?
False
Suppose -y = 3*f + 5, 3*f - 11 = 4*y + 9. Suppose 5*o = -2*s + 109, f = -0*o - o + 5*s + 11. Is o a prime number?
False
Suppose r + 5*q = -5 + 15, -4*q = -r + 1. Suppose 2*p + 395 = r*p - i, 0 = -i + 4. Is p composite?
True
Let j(o) = -o**3 + o**2 - o + 4. Let i be j(0). Suppose -2*t = 4*x + 10, -2*x = -3*x - 2*t - 4. Is x/i + (-7)/(-2) a prime number?
True
Let l be (-2)/(-8)*34*2. Let b = -27 - l. Is 5/((-5)/b) - -2 a prime number?
False
Let w(j) = j - 4. Let u be w(8). Suppose 0 = u*a - g + 6*g - 52, 3*a - 2*g = 39. Is a composite?
False
Let f(t) = -68*t + 7. Suppose -4*o + 9*o = -15. Is f(o) a composite number?
False
Suppose n + 3*n + 5*a = 2, -4*n + 20 = -4*a. Let b(c) = -4 + 5 + 3*c**3 + 3*c**n - 4*c**3 - 2*c + 2*c**2. Is b(2) a composite number?
True
Suppose -5*s + 2351 = d - 5*d, -2*s + 937 = -5*d. Is s prime?
False
Suppose 0 = -0*p + p - 1. Let w be 94/6 + p/3. Is -12*(-26)/w*2 a composite number?
True
Is (-18)/(-15)*(-830)/(-4) composite?
True
Suppose -5*u = -93 + 18. Suppose u = g - 2*n - 7, -4*n - 26 = -g. Let a = g - 7. Is a prime?
True
Suppose -3*j + 2*o + 763 = 0, -5*j + 189 = -4*o - 1084. Is j a composite number?
True
Suppose -6*n + 551 + 511 = 0. Is n a prime number?
False
Let j = 193 + -114. Suppose t - j = -2. Is t prime?
False
Let y(p) = -p + 59. Let g be y(0). Let z = g - -20. Is z a prime number?
True
Let g(q) be the first derivative of q**3 + q**2 + q + 1. Let l be g(-1). Suppose z - 51 = -c, 0 = -3*z + c + l*c + 1